 -64213*m - 449862. What is l(-7)?
-371
Let d(l) = -17144*l + 480037. What is d(28)?
5
Let l(t) = 8619*t - 1680700. Calculate l(195).
5
Let x(j) = j**2 - 3*j + 85. Determine x(-7).
155
Let v(j) = 263*j - 2120. Give v(8).
-16
Let q(h) = 2225*h + 77858. Give q(-35).
-17
Let o(m) = -4*m**2 - 3654*m - 10969. Give o(-3).
-43
Let y(m) = 16260*m + 1951. What is y(0)?
1951
Let c(s) = -869*s + 7686. Determine c(9).
-135
Let w(k) = 2*k**2 - 5336*k + 1265031. Calculate w(263).
1
Let i(d) = -3690*d - 14350. Give i(-4).
410
Let r(l) = -43798*l + 43799. Calculate r(1).
1
Let c(q) = 674893*q - 6748934. Calculate c(10).
-4
Let j(r) = r**3 + 84*r**2 + 1088*r + 3791. Give j(-69).
134
Let s(m) = -226*m - 83974. Calculate s(-372).
98
Let b(z) = 28738*z - 114928. Calculate b(4).
24
Let a(v) = -v**2 - 23*v + 7104. What is a(72)?
264
Let c(r) = -3*r**3 + 246*r**2 - 1155*r + 52. What is c(77)?
52
Let g(c) = c**3 - 56*c - 223. What is g(-5)?
-68
Let p(g) = 6*g**3 - 65*g**2 - 13*g + 97. What is p(9)?
-911
Let y(u) = u**2 - 19054*u + 2403662. Determine y(127).
-67
Let m(q) = q**2 + 1950*q + 214491. Calculate m(-117).
30
Let v(g) = 14426*g**2 - 129850*g + 131. Determine v(9).
-13
Let d(m) = -2*m**3 - 21*m**2 + 16722*m + 33524. Give d(-2).
12
Let u(y) = 2*y**3 - 160*y**2 - 1398*y + 61003. Calculate u(84).
19
Let k(c) = -c**3 + 33*c**2 + 990*c - 79. Determine k(52).
25
Let g(d) = 48476*d + 533242. What is g(-11)?
6
Let b(q) = 210*q**2 - 24784*q + 480. Give b(118).
8
Let l(h) = h**3 - 133*h**2 + 157*h - 21283. What is l(133)?
-402
Let h(p) = -p**3 + 521*p**2 - 5111*p + 10. What is h(10)?
0
Let p(n) = -n**2 - 2941*n + 95146. Determine p(32).
10
Let s(w) = w**3 - 136*w**2 + 1408*w + 41. Give s(11).
404
Let q(k) = 6*k**2 - 165*k - 2665. Calculate q(-16).
1511
Let h(j) = 98578*j - 690053. Calculate h(7).
-7
Let a(z) = 10*z**2 - 8575*z + 34289. Calculate a(4).
149
Let q(l) = 66284*l - 596355. Give q(9).
201
Let b(l) = -23*l**2 - 16235*l + 51043. Give b(-709).
-5
Let m(v) = -225*v**2 - 9083*v + 5831. What is m(-41)?
9
Let v(m) = -154*m + 199. Calculate v(2).
-109
Let g(a) = 265*a**2 - 50*a - 143. What is g(-3)?
2392
Let s(i) = i**2 + 263*i + 16906. What is s(-115)?
-114
Let t(v) = 9577*v + 181980. Determine t(-19).
17
Let q(f) = -5*f**2 - 96*f + 1258. Give q(-27).
205
Let x(v) = 29*v**3 + 5*v**2 - 742*v + 2928. What is x(4)?
1896
Let z(o) = 20744*o + 290418. Calculate z(-14).
2
Let y(x) = 85*x**2 + 4192*x - 7252. Calculate y(-51).
41
Let w(i) = 52*i + 20233. Determine w(-390).
-47
Let o(f) = 10255*f - 246128. What is o(24)?
-8
Let a(s) = 19*s**2 + 419*s - 14712. What is a(-41)?
48
Let w(p) = 2*p**2 - 2409*p + 55132. What is w(23)?
783
Let s(u) = 1953*u**2 - 82035*u + 377. What is s(42)?
-1
Let i(h) = 11536*h + 1061284. What is i(-92)?
-28
Let r(c) = -3*c**3 + 9*c**2 + 185*c + 803. Give r(-5).
478
Let h(l) = 360*l - 25809. Give h(71).
-249
Let o(z) = 1804*z**2 + 5454*z - 25. Determine o(-3).
-151
Let m(l) = -626*l**2 - 11802*l + 1737. What is m(-19)?
-11
Let n(h) = -27*h**2 - 70*h + 27. Calculate n(-4).
-125
Let h(l) = 1014*l**2 - 1060*l + 57. Calculate h(1).
11
Let s(n) = 197*n**2 - 6899*n + 155. Determine s(35).
15
Let o(a) = 371*a + 5988. What is o(-16)?
52
Let m(s) = -s**3 - 8*s**2 + 220*s + 1739. Give m(-15).
14
Let m(z) = -905300*z + 15390101. Determine m(17).
1
Let z(k) = 963*k**2 + 18294*k + 50. Calculate z(-19).
107
Let l(j) = 14018*j + 8340700. Give l(-595).
-10
Let z(o) = -o**3 + 5*o**2 - 87*o + 525. What is z(0)?
525
Let v(j) = 4*j**3 - 2343*j**2 - 2927*j - 4683. Calculate v(587).
13
Let b(p) = -182*p - 14170. Give b(-78).
26
Let d(h) = -4072*h + 20509. Determine d(5).
149
Let p(s) = 1524*s - 185933. What is p(122)?
-5
Let g(n) = -214*n + 18096. Calculate g(77).
1618
Let t(d) = -62*d + 2044. Determine t(17).
990
Let f(k) = -126750*k - 7731748. Determine f(-61).
2
Let d(p) = 2*p**3 + 8726*p**2 - p - 18. Determine d(0).
-18
Let x(p) = -5*p**2 + 81*p - 311. Calculate x(6).
-5
Let y(a) = -1062*a**2 - 19902*a - 14137. Determine y(-18).
11
Let f(b) = 2*b**2 - 255*b + 7321. Give f(84).
13
Let f(z) = -49*z**3 - 82*z + 166. Calculate f(2).
-390
Let n(h) = -53*h**2 + 8639*h - 25436. Determine n(160).
4
Let h(u) = u**2 - 305*u - 8949. What is h(332)?
15
Let u(r) = -4*r**3 - 101*r**2 - 985*r - 6278. Determine u(-16).
10
Let n(r) = 4753*r + 17165. Calculate n(-4).
-1847
Let y(w) = -w**2 - 589*w + 61897. Give y(91).
17
Let f(z) = -1537*z + 47921. Calculate f(31).
274
Let i(j) = 2*j**2 + 311*j - 1277. Calculate i(4).
-1
Let r(n) = 134*n - 3969. Calculate r(35).
721
Let z(b) = 1879*b + 10052. Calculate z(-5).
657
Let p(k) = -k**3 + 181*k**2 - 1355*k - 4816. Determine p(173).
201
Let n(v) = -430*v + 14594. What is n(35)?
-456
Let i(z) = 104190*z + 833512. What is i(-8)?
-8
Let b(r) = 3*r**2 + 2532*r + 325155. Determine b(-158).
-9
Let c(w) = 73*w**2 + 15550*w - 350. What is c(-213)?
-563
Let c(q) = 39*q**2 - 5285*q + 2703. What is c(135)?
3
Let p(h) = -49577*h - 644511. Determine p(-13).
-10
Let g(h) = -10*h**3 + 91*h**2 - 19*h + 87. Determine g(9).
-3
Let i(w) = -170664*w - 8533192. Give i(-50).
8
Let q(u) = -194*u + 22560. Determine q(100).
3160
Let h(x) = 288*x + 7472. What is h(-26)?
-16
Let f(b) = -501*b - 2458. What is f(-9)?
2051
Let z(n) = -10*n**3 + 166*n**2 + 1750*n + 625. Calculate z(24).
1
Let b(q) = 2*q**3 - 70*q**2 + 506*q - 62. What is b(25)?
88
Let y(x) = -80*x**2 + 25902*x + 5830. Determine y(324).
-2
Let y(v) = 19*v**2 + 91*v - 444. Calculate y(3).
0
Let j(l) = -2*l**3 + 21*l**2 - 148*l + 1759. Calculate j(12).
-449
Let k(g) = g**3 - 28*g**2 - 578*g + 31. What is k(42)?
451
Let a(x) = 2*x**3 - 1391*x**2 + 4040*x - 398466. What is a(693)?
9
Let k(w) = 17412*w - 52570. Give k(3).
-334
Let y(d) = d**2 - 127*d + 357. Give y(121).
-369
Let p(u) = u**3 - 52*u**2 + 100*u - 275. Determine p(50).
-275
Let c(l) = -l**2 - 746*l - 6628. Determine c(-9).
5
Let m(q) = -2*q**3 - 21*q**2 + 210*q + 2027. Calculate m(-15).
902
Let h(p) = -93*p**2 + 1229*p - 177. Calculate h(13).
83
Let n(c) = -31004*c - 278945. Give n(-9).
91
Let t(l) = 3*l**3 - 113*l**2 + 1035*l - 72. What is t(23)?
457
Let b(q) = 11656*q - 16. What is b(0)?
-16
Let u(o) = -7*o**2 - 141*o - 1372. Determine u(-10).
-662
Let z(x) = -715*x + 10173. What is z(14)?
163
Let f(s) = -s**2 - 79*s + 42. Give f(-14).
952
Let r(x) = 3*x**3 - 33*x**2 + 1278*x - 10994. Determine r(9).
22
Let t(i) = -i**3 + 4799*i**2 - 105085*i - 204. Calculate t(22).
-6
Let u(j) = 3237*j + 572960. Determine u(-177).
11
Let s(t) = 125*t + 5362. What is s(-43)?
-13
Let z(h) = -1237*h - 95379. Determine z(-77).
-130
Let w(a) = -486*a - 9495. Calculate w(-19).
-261
Let h(v) = 12*v**2 - 254*v - 85. Calculate h(26).
1423
Let a(w) = -2*w**2 + 1355*w + 8169. What is a(-6)?
-33
Let c(w) = 2067*w - 200732. Determine c(97).
-233
Let r(q) = 2*q**3 + 10*q**2 - 42*q - 256. Determine r(-10).
-836
Let s(r) = 2*r**2 - 392*r - 71526. What is s(311)?
4
Let a(d) = 118*d**2 + 10*d - 46. Give a(3).
1046
Let m(k) = -1060*k + 12642. Determine m(12).
-78
Let z(a) = -a**3 + 161*a**2 + 102*a + 9715. What is z(162)?
-5
Let y(j) = -7*j**3 - 3*j**2 - 14*j + 6. What is y(-6)?
1494
Let q(y) = -619*y + 7489. Determine q(12).
61
Let i(b) = 68*b**3 + 4*b**2 + 1521*b - 3049. Calculate i(2).
553
Let r(s) = s**2 - 10048*s + 60163. Determine r(6).
-89
Let i(w) = -1090*w + 1179. Determine i(1).
89
Let x(t) = 647*t**2 - 2620*t + 180. Calculate x(4).
52
Let r(b) = 1702*b + 39090. Give r(-23).
-56
Let l(u) = 2517*u + 2528. Determine l(-1).
11
Let i(a) = -a**2 + 1566*a - 21458. Determine i(14).
270
Let w(g) = -g**3 - 267*g**2 + 570*g + 8421. What is w(-269)?
-187
Let q(u) = -u**2 + 216*u - 2161. What is q(11)?
94
Let k(m) = -m**2 - 268*m - 15879. What is k(-73)?
-1644
Let b(t) = 130*t**2 + 4407*t - 92. Give b(-34).
350
Let r(s) = 928*s + 404. Calculate r(0).
404
Let l(m) = -196*m**3 + 781*m**2 - 34*m + 184. Determine l(4).
0
Let s(o) = 34242*o + 170993. What is s(-5)?
-217
Let d(i) = -2*i**3 - 122*i**2 - 567*i - 257. Calculate d(-56).
135
Let s(y) = -3*y**3 - 114*y**2 - 601*y - 18136. Determine s(-37).
-6
Let j(h) = 6884*h - 6833. Determine j(1).
51
Let z(x) = 91*x + 26991. What is z(-288)?
783
Let z(t) = 17282*t - 14205815. Calculate z(822).
-11
Let z(t) = -39*t**3 + 11933*t**2 + 303*t